{"id":120,"date":"2018-05-17T09:28:57","date_gmt":"2018-05-17T09:28:57","guid":{"rendered":"http:\/\/electric21.es\/?page_id=120"},"modified":"2020-04-15T19:14:55","modified_gmt":"2020-04-15T19:14:55","slug":"quienes-somos","status":"publish","type":"page","link":"https:\/\/electric21.es\/index.php\/quienes-somos\/","title":{"rendered":"QUI\u00c9NES SOMOS"},"content":{"rendered":"<p>[et_pb_section fb_built=\u00bb1&#8243; fullwidth=\u00bbon\u00bb disabled_on=\u00bboff||\u00bb _builder_version=\u00bb3.2.2&#8243;][et_pb_fullwidth_header disabled_on=\u00bbon||\u00bb _builder_version=\u00bb3.2.2&#8243;][\/et_pb_fullwidth_header][et_pb_fullwidth_header title=\u00bbLA EMPRESA\u00bb text_orientation=\u00bbcenter\u00bb disabled_on=\u00bb|on|on\u00bb _builder_version=\u00bb3.7.1&#8243;][\/et_pb_fullwidth_header][\/et_pb_section][et_pb_section fb_built=\u00bb1&#8243; _builder_version=\u00bb3.0.47&#8243;][et_pb_row custom_padding=\u00bb46px|0px|27px|0px|false|false\u00bb _builder_version=\u00bb3.0.48&#8243; background_size=\u00bbinitial\u00bb background_position=\u00bbtop_left\u00bb background_repeat=\u00bbrepeat\u00bb][et_pb_column type=\u00bb1_2&#8243; _builder_version=\u00bb3.0.47&#8243; parallax=\u00bboff\u00bb parallax_method=\u00bbon\u00bb][et_pb_text _builder_version=\u00bb3.7.1&#8243;]<\/p>\n<h4><strong>\u00bfQui\u00e9n es Electric 21?<\/strong><\/h4>\n<p>Somos una empresa de servicios energ\u00e9ticos.<br \/> Tenemos como actividad principal la contrataci\u00f3n de suministros de electricidad en el mercado liberalizado a partir de julio de 2009.<\/p>\n<p style=\"padding-left: 30px;\"><em>En Espa\u00f1a es obligatorio para los consumidores de alta tensi\u00f3n desde el 1 de julio de 2008, y para los de baja tensi\u00f3n, con potencia contratada superior a 10 kW, desde el 1 de julio de 2009.<\/em><\/p>\n<p>Al amparo de la liberalizaci\u00f3n del mercado el\u00e9ctrico, y avalado por la experiencia de un grupo de profesionales del sector de la energ\u00eda y telecomunicaciones, Electric21 nace con la vocaci\u00f3n de prestar el servicio de asesoramiento al cliente empresarial para optimizar su consumo energ\u00e9tico.<\/p>\n<h4><strong>\u00bfCu\u00e1l es nuestra misi\u00f3n?<\/strong><\/h4>\n<p>Asesorar de forma profesional y transparente a nuestros clientes sobre la mejor opci\u00f3n t\u00e9cnica y econ\u00f3mica de contrataci\u00f3n de los suministros el\u00e9ctricos.<\/p>\n<p>[\/et_pb_text][\/et_pb_column][et_pb_column type=\u00bb1_2&#8243; _builder_version=\u00bb3.0.47&#8243; parallax=\u00bboff\u00bb parallax_method=\u00bbon\u00bb][et_pb_text _builder_version=\u00bb3.7.1&#8243; text_orientation=\u00bbright\u00bb]Electric 21 se encuentra en constante proceso de expansi\u00f3n a nivel nacional respondiendo a las demandas de nuestros clientes, contando en la actualidad con presencia en:<\/p>\n<p><img loading=\"lazy\" decoding=\"async\" class=\"alignnone size-full wp-image-134\" src=\"http:\/\/electric21.es\/wp-content\/uploads\/2018\/05\/mapa-Espa\u00f1a-TEXTO.png\" alt=\"\" width=\"618\" height=\"389\" srcset=\"https:\/\/electric21.es\/wp-content\/uploads\/2018\/05\/mapa-Espa\u00f1a-TEXTO.png 618w, https:\/\/electric21.es\/wp-content\/uploads\/2018\/05\/mapa-Espa\u00f1a-TEXTO-300x189.png 300w\" sizes=\"(max-width: 618px) 100vw, 618px\" \/><\/p>\n<p>&nbsp;<br \/>\n[\/et_pb_text][et_pb_image align=\u00bbcenter\u00bb src=\u00bbhttps:\/\/electric21.es\/wp-content\/uploads\/2018\/05\/logo.png\u00bb _builder_version=\u00bb3.7.1&#8243; custom_margin=\u00bb-150px|||\u00bb custom_padding=\u00bb0px||0px||false\u00bb][\/et_pb_image][\/et_pb_column][\/et_pb_row][et_pb_row _builder_version=\u00bb3.7.1&#8243;][et_pb_column type=\u00bb4_4&#8243; _builder_version=\u00bb3.7.1&#8243; parallax=\u00bboff\u00bb parallax_method=\u00bbon\u00bb][\/et_pb_column][\/et_pb_row][\/et_pb_section]<\/p>\n","protected":false},"excerpt":{"rendered":"<p>\u00bfQui\u00e9n es Electric 21? Somos una empresa de servicios energ\u00e9ticos. Tenemos como actividad principal la contrataci\u00f3n de suministros de electricidad en el mercado liberalizado a partir de julio de 2009. En Espa\u00f1a es obligatorio para los consumidores de alta tensi\u00f3n desde el 1 de julio de 2008, y para los de baja tensi\u00f3n, con potencia [&hellip;]<\/p>\n","protected":false},"author":1,"featured_media":0,"parent":0,"menu_order":0,"comment_status":"closed","ping_status":"closed","template":"","meta":{"_et_pb_use_builder":"on","_et_pb_old_content":"","_et_gb_content_width":"","footnotes":""},"class_list":["post-120","page","type-page","status-publish","hentry"],"_links":{"self":[{"href":"https:\/\/electric21.es\/index.php\/wp-json\/wp\/v2\/pages\/120","targetHints":{"allow":["GET"]}}],"collection":[{"href":"https:\/\/electric21.es\/index.php\/wp-json\/wp\/v2\/pages"}],"about":[{"href":"https:\/\/electric21.es\/index.php\/wp-json\/wp\/v2\/types\/page"}],"author":[{"embeddable":true,"href":"https:\/\/electric21.es\/index.php\/wp-json\/wp\/v2\/users\/1"}],"replies":[{"embeddable":true,"href":"https:\/\/electric21.es\/index.php\/wp-json\/wp\/v2\/comments?post=120"}],"version-history":[{"count":17,"href":"https:\/\/electric21.es\/index.php\/wp-json\/wp\/v2\/pages\/120\/revisions"}],"predecessor-version":[{"id":312,"href":"https:\/\/electric21.es\/index.php\/wp-json\/wp\/v2\/pages\/120\/revisions\/312"}],"wp:attachment":[{"href":"https:\/\/electric21.es\/index.php\/wp-json\/wp\/v2\/media?parent=120"}],"curies":[{"name":"wp","href":"https:\/\/api.w.org\/{rel}","templated":true}]}}