{"id":10,"date":"2018-05-14T16:06:40","date_gmt":"2018-05-14T16:06:40","guid":{"rendered":"http:\/\/electric21.es\/?page_id=10"},"modified":"2020-04-15T18:44:39","modified_gmt":"2020-04-15T18:44:39","slug":"contacto","status":"publish","type":"page","link":"https:\/\/electric21.es\/index.php\/contacto\/","title":{"rendered":"contacto"},"content":{"rendered":"<p>[et_pb_section fb_built=\u00bb1&#8243; fullwidth=\u00bbon\u00bb _builder_version=\u00bb3.2.2&#8243;][et_pb_fullwidth_header disabled_on=\u00bbon||\u00bb _builder_version=\u00bb3.2.2&#8243;][\/et_pb_fullwidth_header][et_pb_fullwidth_header title=\u00bbCONTACTO\u00bb text_orientation=\u00bbcenter\u00bb disabled_on=\u00bb|on|on\u00bb _builder_version=\u00bb3.7.1&#8243;][\/et_pb_fullwidth_header][\/et_pb_section][et_pb_section fb_built=\u00bb1&#8243; _builder_version=\u00bb3.0.47&#8243;][et_pb_row custom_padding=\u00bb44px|0px|90px|0px|false|false\u00bb _builder_version=\u00bb3.0.47&#8243; background_size=\u00bbinitial\u00bb background_position=\u00bbtop_left\u00bb background_repeat=\u00bbrepeat\u00bb][et_pb_column type=\u00bb1_3&#8243; _builder_version=\u00bb3.0.47&#8243; parallax=\u00bboff\u00bb parallax_method=\u00bbon\u00bb][et_pb_text _builder_version=\u00bb3.2.2&#8243;]<\/p>\n<div class=\"et_pb_module et_pb_text et_pb_text_0 et_pb_bg_layout_light et_pb_text_align_left\">\n<div class=\"et_pb_text_inner\">\n<h2>OFICINA CENTRAL<\/h2>\n<p><img loading=\"lazy\" decoding=\"async\" class=\"alignleft wp-image-538\" src=\"http:\/\/lawfirmmarbella.com\/wp-content\/uploads\/2018\/05\/mapa_EQUITEX-e1525971949683.jpg\" alt=\"\" width=\"59\" height=\"73\" \/><br \/> c\/ O\u00f1ate, 12 bajo 3.<br \/> 28020 Madrid<br \/> ESPA\u00d1A<\/p>\n<p>&nbsp;<\/p>\n<p>&nbsp;<\/p>\n<h2>CORREO ELECTR\u00d3NICO<\/h2>\n<\/div>\n<\/div>\n<div class=\"et_pb_module et_pb_text et_pb_text_1 et_pb_bg_layout_light et_pb_text_align_left\">\n<div class=\"et_pb_text_inner\">\n<p><a href=\"mailto:info@electric21.es\"><strong>info@electric21.es<\/strong><\/a><\/p>\n<\/div>\n<\/div>\n<div class=\"et_pb_module et_pb_text et_pb_text_2 et_pb_bg_layout_light et_pb_text_align_left\">\n<div class=\"et_pb_text_inner\">\n<h2><\/h2>\n<h2>TEL\u00c9FONO<\/h2>\n<h5>(0034)\u00a0<strong>91 571 10 56<br \/> <\/strong><\/h5>\n<\/div>\n<\/div>\n<p>&nbsp;<\/p>\n<p>[\/et_pb_text][\/et_pb_column][et_pb_column type=\u00bb2_3&#8243; _builder_version=\u00bb3.0.47&#8243; parallax=\u00bboff\u00bb parallax_method=\u00bbon\u00bb][et_pb_map address=\u00bbMadrid, Espa\u00f1a\u00bb zoom_level=\u00bb14&#8243; address_lat=\u00bb40.462955831669&#8243; address_lng=\u00bb-3.695148122554&#8243; use_grayscale_filter=\u00bbon\u00bb grayscale_filter_amount=\u00bb9&#8243; _builder_version=\u00bb3.2.2&#8243; animation_style=\u00bbfold\u00bb][et_pb_map_pin title=\u00bbELECTRIC 21&#8243; pin_address=\u00bbCalle de O\u00f1ate, 12, 28020 Madrid, Espa\u00f1a\u00bb pin_address_lat=\u00bb40.4633089&#8243; pin_address_lng=\u00bb-3.694800299999997&#8243; _builder_version=\u00bb3.2.2&#8243;][\/et_pb_map_pin][\/et_pb_map][\/et_pb_column][\/et_pb_row][\/et_pb_section]<\/p>\n","protected":false},"excerpt":{"rendered":"<p>OFICINA CENTRAL c\/ O\u00f1ate, 12 bajo 3. 28020 Madrid ESPA\u00d1A &nbsp; &nbsp; CORREO ELECTR\u00d3NICO info@electric21.es TEL\u00c9FONO (0034)\u00a091 571 10 56 &nbsp;<\/p>\n","protected":false},"author":1,"featured_media":0,"parent":0,"menu_order":0,"comment_status":"closed","ping_status":"closed","template":"","meta":{"_et_pb_use_builder":"on","_et_pb_old_content":"","_et_gb_content_width":"","footnotes":""},"class_list":["post-10","page","type-page","status-publish","hentry"],"_links":{"self":[{"href":"https:\/\/electric21.es\/index.php\/wp-json\/wp\/v2\/pages\/10","targetHints":{"allow":["GET"]}}],"collection":[{"href":"https:\/\/electric21.es\/index.php\/wp-json\/wp\/v2\/pages"}],"about":[{"href":"https:\/\/electric21.es\/index.php\/wp-json\/wp\/v2\/types\/page"}],"author":[{"embeddable":true,"href":"https:\/\/electric21.es\/index.php\/wp-json\/wp\/v2\/users\/1"}],"replies":[{"embeddable":true,"href":"https:\/\/electric21.es\/index.php\/wp-json\/wp\/v2\/comments?post=10"}],"version-history":[{"count":22,"href":"https:\/\/electric21.es\/index.php\/wp-json\/wp\/v2\/pages\/10\/revisions"}],"predecessor-version":[{"id":288,"href":"https:\/\/electric21.es\/index.php\/wp-json\/wp\/v2\/pages\/10\/revisions\/288"}],"wp:attachment":[{"href":"https:\/\/electric21.es\/index.php\/wp-json\/wp\/v2\/media?parent=10"}],"curies":[{"name":"wp","href":"https:\/\/api.w.org\/{rel}","templated":true}]}}